)/14 is divided by p.
13
Let o be 1 - (-3)/(-3)*9. Let q(k) = k**2 + 5*k - 10. What is the remainder when q(o) is divided by 5?
4
Suppose -4*j + 82 = 2*l, 2*j + 3*j + 2*l - 103 = 0. Calculate the remainder when 36 is divided by j.
15
Let y(v) = v**2 + 6*v. Let j be (1 + -2)*8 - -1. What is the remainder when 25 is divided by y(j)?
4
Let p = 15 + -10. What is the remainder when 17 is divided by p?
2
Suppose 0 = k + m - 14, -7*m + 3*m = 0. What is the remainder when 41 is divided by k?
13
Suppose 2*n = 23 + 1. What is the remainder when 43 is divided by (n/15)/(1/20)?
11
Let y(k) = -3*k**3 + 4*k + 3 + 5*k**2 + 4*k**3 - 5*k. Calculate the remainder when 29 is divided by y(-5).
5
Calculate the remainder when 195 is divided by 11*9/(5 - 2).
30
Suppose 16*d + 40 = 328. What is the remainder when 89 is divided by d?
17
Let s = -114 + 138. Calculate the remainder when s is divided by 22.
2
Let q(f) = 3*f**2 - 15*f - 5. Calculate the remainder when q(7) is divided by 4.
1
Let t(r) = 4*r + 4. Calculate the remainder when t(11) is divided by 5.
3
Suppose 0 = -5*r + r - 5*h + 98, 0 = -3*h + 6. What is the remainder when r is divided by 8?
6
Suppose -o - 3*q - 2 = o, -5*o - 2*q - 27 = 0. Suppose 7*v = 8*v + 5. Let y = v - o. Calculate the remainder when y is divided by 1.
0
Let u be ((-4)/6)/((-14)/63). Suppose -2 - 7 = -u*c. Suppose 3*b + 4*o = -1, 0 = -4*b + o - 5*o + 4. What is the remainder when b is divided by c?
2
Let n = -3 + 4. Suppose 0*d - w = -2*d + n, 0 = -3*d + 4*w - 6. Suppose d*p - 21 = 11. Calculate the remainder when p is divided by 9.
7
Let g be (-2)/(-9) - 272/(-72). Suppose 0 = -3*t + 2*w + 3*w + 22, 5*t + g*w - 86 = 0. What is the remainder when t + 4/(-2 + 4) is divided by 6?
4
Let f(v) = v. Let q be (1 - 1)/(-2) + 2. Let y = -1 + q. Calculate the remainder when f(1) is divided by y.
0
Suppose -5*k + 109 = -3*m, -k - m - 103 = -6*k. Let g = 33 + k. What is the remainder when g is divided by 11?
9
Suppose -4*l - 1 = -3*l - g, 4*l + 8 = 5*g. Suppose -34 = -4*u - d, l*u = -d + 2*d + 29. Calculate the remainder when 15 is divided by u.
6
Let g = 133 - 95. Calculate the remainder when g is divided by 14.
10
Let a = -2 - -9. Let h = a + -5. Suppose r = h*r - 25. Calculate the remainder when r is divided by 13.
12
Suppose -2*r = 3*r + 520. Let x = r - -153. Calculate the remainder when x is divided by 10.
9
Let v be 2/8 + (-107)/(-4). Suppose -v - 78 = -5*q. Let w(f) = -f**3 + 12*f**2 + 28*f + 11. Calculate the remainder when q is divided by w(14).
10
Calculate the remainder when 107 is divided by (-64)/32 + (20 - (1 - 1)).
17
Suppose -5*o = -51 - 94. Let y = 0 - -8. What is the remainder when o is divided by y?
5
Let r be 0*((-3)/(-6) + 0). Suppose 2*i - 6*i + 72 = r. Suppose 2*k = 3*k - i. Calculate the remainder when k is divided by 10.
8
Let c(s) = s**3 + 13*s**2 - 4*s - 35. Calculate the remainder when 59 is divided by c(-13).
8
Suppose -6*v = 7 + 323. Let i(g) = 2*g**3 + 4*g**2 - 3*g - 4. Let a be i(3). Let b = a + v. What is the remainder when 85 is divided by b?
19
Let t be 2/2 - (-25 + 6). Suppose -5*w + 33 = -3*s, 0 = 4*s + 2*w - 2 + t. What is the remainder when 6/(s - -3) + 55 is divided by 18?
17
Calculate the remainder when 34 is divided by -12*(3/9)/(5/(-20)).
2
Suppose 4*u + 0*w - 122 = -2*w, u + 3*w - 43 = 0. Calculate the remainder when u + (-2 + 0)/2 is divided by 7.
6
Let l = 10 - 6. Suppose -3*u - 3 = 0, l*v + 2 = v - 5*u. Suppose z = -h, 4*z + 5*h + 5 - v = 0. Calculate the remainder when 7 is divided by z.
3
Suppose 1 = -4*o + p + 25, 3*o + 2*p - 7 = 0. What is the remainder when 8 is divided by o?
3
Suppose 4*l - 36 = -2*h, 0*l + 4*h = 5*l - 58. Suppose 2*g - 145 = -3*g. What is the remainder when g is divided by l?
9
Let q be (-13)/(-4) - (-1)/(-4). Suppose 0 = q*t - 15, -w + 0*w - t - 33 = 0. Let p = w + 69. What is the remainder when p is divided by 11?
9
Let d = -17 - -18. Calculate the remainder when 4 is divided by d.
0
Suppose 4*h + 11 - 31 = 0, -4*h - 16 = -4*s. Calculate the remainder when s is divided by 5.
4
Let x be 0/((-3 - -2)*3). Calculate the remainder when 7 is divided by -5*(16/(-20) + x).
3
Let m(f) be the first derivative of 7*f**3/3 + f**2 + f + 6. What is the remainder when 16 is divided by m(-1)?
4
Let m = -27 - -15. Suppose -4*l - 5 = -9*l. Let q = l - m. Calculate the remainder when 25 is divided by q.
12
Suppose -3*k = k - 60. Let z = k - 8. What is the remainder when 9 is divided by z?
2
Suppose -4*p - 4 + 12 = 0. Suppose p*d - 8 = d. What is the remainder when 23 is divided by d?
7
Let v = -12 - -10. What is the remainder when v/(-13) + 1320/39 is divided by (-1 - (-1 + 1))*-18?
16
Let l(a) = 96*a**2 + a - 1. Let w be l(1). Let q = w - 51. Let f = q + -14. Calculate the remainder when f is divided by 11.
9
Let s be ((-6)/9)/(2/(-12)). Suppose -31 = -q + 4*m - 5, -q - 2 = 3*m. Calculate the remainder when ((-4)/2)/(s/(-58)) is divided by q.
9
Suppose 9*f - 11*f = -32. Suppose -4*p - 90 = -7*p. What is the remainder when p is divided by f?
14
Suppose -39 = 2*s - 5*s. Let k(c) = 14*c - 4. Suppose -2 = 3*f - 11. What is the remainder when k(f) is divided by s?
12
Suppose -4*l + 4 = 4*o, 0 = -3*l - 2*l. What is the remainder when (o/(-3) - 0)*-3 is divided by 1?
0
Let r = -4 + 25. Let u be r*(-1 - (-1)/3). Let y = u - -25. Calculate the remainder when 21 is divided by y.
10
Suppose 4*x + 33 = 1. Suppose 3*p - 4*u = -21 + 62, -3*u = -2*p + 26. Let r = p + x. What is the remainder when r is divided by 4?
3
Let g = 0 - -2. Suppose -c - 35 = -2*z + g*c, z - c = 18. Let q = 17 + -10. Calculate the remainder when z is divided by q.
5
Suppose 0*o - o + 29 = 0. Calculate the remainder when 113 is divided by o.
26
Calculate the remainder when (66/12)/((-2)/(-20)) is divided by 14.
13
Let i = 0 + 16. Let v(r) = -10*r - 24. Calculate the remainder when v(-7) is divided by i.
14
Suppose 29 - 1 = 4*i. Calculate the remainder when i is divided by 5.
2
Suppose 132 = -2*q + 5*q. What is the remainder when q is divided by 15?
14
Suppose -2*z - l = -2*l - 6, 4*z - 20 = 4*l. Suppose d - z = 40. Let b = -171 - -185. Calculate the remainder when d is divided by b.
13
Let q(v) = -4*v. Let h be q(-1). Suppose -h*a = 3*w - 25, 4*w + 3*a - 12 = 12. What is the remainder when ((-1)/3)/((-3)/45) is divided by w?
2
Suppose 2*r - 4 = 88. What is the remainder when r is divided by (18/8)/(3/32)?
22
Let d = 12 + -7. Suppose 4*w + 4*f - 44 = 200, 129 = 2*w - d*f. Suppose w = 4*l - 5*x, l = 4*l - 2*x - 43. Calculate the remainder when l is divided by 7.
6
Let d be (-4 - -2) + 5 + 9. What is the remainder when ((-9)/d)/((-2)/8) is divided by 2?
1
Let b = -104 + 135. Calculate the remainder when b is divided by 9.
4
Suppose -20 = -3*z - z. Suppose -s - 4*o + 0*o = -28, o + 35 = 5*s. Calculate the remainder when ((-8)/6)/(s/(-108)) is divided by z.
3
Let x = -21 - -51. Calculate the remainder when x is divided by (-6)/(1 + 21/(-12)).
6
Let h = -27 + 210. Calculate the remainder when h is divided by 37.
35
Let q = 39 + -24. Suppose 0 = -5*z + 4*k + 209, 0*z = 2*z - 4*k - 86. Calculate the remainder when z is divided by q.
11
Let h = 50 + 7. What is the remainder when h is divided by 12?
9
Suppose -5*t - 62 = -p, 5*p + t - 243 = -37. Calculate the remainder when p is divided by 9.
6
Let g(l) = 31*l**2 + l. Calculate the remainder when g(-1) is divided by 16.
14
Let s = -8 - -19. Let v = -1 + s. What is the remainder when 49 is divided by v?
9
Let s(j) = -j**3 + 5*j**2 + j + 2. Let d be s(4). Let n be (-2)/(-11) - (-2944)/d. Let c = -84 + n. Calculate the remainder when c is divided by 17.
16
Let z(n) = -n + 12. Let p be z(7). Suppose 2*w + p*r + 8 - 74 = 0, 0 = 3*w + 4*r - 106. Calculate the remainder when w is divided by 10.
8
Suppose 34 = -2*l + 3*l. Let z = l - 24. Let f = 11 + 17. What is the remainder when f is divided by z?
8
Let f = 139 + -2. Calculate the remainder when f is divided by 20.
17
Let p = 160 - 129. What is the remainder when 57 is divided by p?
26
Let v(c) = -c**2 - 11*c - 11. What is the remainder when 35 is divided by v(-6)?
16
Suppose -2*h - 5*l = -29 - 12, 0 = -4*h + 4*l + 12. Suppose 4*x = -93 - 43. Let b = 57 + x. Calculate the remainder when b is divided by h.
7
Suppose 3*w = -w + 28. Let c = 39 + -2